t is the hundreds digit of 324?
3
What is the tens digit of 2388?
8
What is the hundreds digit of 3267?
2
What is the thousands digit of 3858?
3
What is the hundreds digit of 28127?
1
What is the tens digit of 8793?
9
What is the units digit of 2834?
4
What is the hundreds digit of 1168?
1
What is the tens digit of 6374?
7
What is the units digit of 4229?
9
What is the tens digit of 3073?
7
What is the tens digit of 6380?
8
What is the units digit of 12?
2
What is the thousands digit of 34141?
4
What is the units digit of 56277?
7
What is the ten thousands digit of 16754?
1
What is the tens digit of 2897?
9
What is the thousands digit of 2345?
2
What is the thousands digit of 8280?
8
What is the units digit of 6214?
4
What is the units digit of 511?
1
What is the units digit of 2248?
8
What is the thousands digit of 12393?
2
What is the units digit of 536?
6
What is the ten thousands digit of 17217?
1
What is the tens digit of 48429?
2
What is the tens digit of 1140?
4
What is the tens digit of 3264?
6
What is the tens digit of 1421?
2
What is the hundreds digit of 1439?
4
What is the tens digit of 2642?
4
What is the hundreds digit of 15013?
0
What is the hundreds digit of 64488?
4
What is the units digit of 7231?
1
What is the ten thousands digit of 14698?
1
What is the hundreds digit of 21675?
6
What is the units digit of 2817?
7
What is the ten thousands digit of 23187?
2
What is the ten thousands digit of 20251?
2
What is the hundreds digit of 31611?
6
What is the hundreds digit of 7520?
5
What is the ten thousands digit of 74115?
7
What is the units digit of 11217?
7
What is the units digit of 567?
7
What is the hundreds digit of 964?
9
What is the tens digit of 3495?
9
What is the hundreds digit of 1418?
4
What is the tens digit of 20738?
3
What is the units digit of 63013?
3
What is the ten thousands digit of 17684?
1
What is the units digit of 3927?
7
What is the thousands digit of 3900?
3
What is the hundreds digit of 1714?
7
What is the tens digit of 145?
4
What is the tens digit of 723?
2
What is the units digit of 149089?
9
What is the units digit of 39810?
0
What is the hundreds digit of 684?
6
What is the hundreds digit of 4576?
5
What is the tens digit of 7800?
0
What is the units digit of 54914?
4
What is the hundreds digit of 7896?
8
What is the hundreds digit of 8220?
2
What is the thousands digit of 5674?
5
What is the units digit of 9676?
6
What is the thousands digit of 1279?
1
What is the hundreds digit of 56411?
4
What is the hundreds digit of 11771?
7
What is the thousands digit of 1220?
1
What is the thousands digit of 30022?
0
What is the tens digit of 4402?
0
What is the tens digit of 36907?
0
What is the tens digit of 237?
3
What is the tens digit of 1481?
8
What is the tens digit of 930?
3
What is the tens digit of 3443?
4
What is the tens digit of 61359?
5
What is the tens digit of 46675?
7
What is the hundreds digit of 3456?
4
What is the hundreds digit of 19108?
1
What is the tens digit of 2170?
7
What is the tens digit of 14731?
3
What is the units digit of 964?
4
What is the thousands digit of 2619?
2
What is the units digit of 1943?
3
What is the units digit of 11808?
8
What is the units digit of 61?
1
What is the tens digit of 69532?
3
What is the hundreds digit of 493?
4
What is the hundreds digit of 123?
1
What is the tens digit of 94826?
2
What is the tens digit of 568?
6
What is the thousands digit of 2170?
2
What is the hundreds digit of 10819?
8
What is the hundreds digit of 25683?
6
What is the hundreds digit of 53896?
8
What is the hundreds digit of 114663?
6
What is the hundreds digit of 72716?
7
What is the hundreds digit of 958?
9
What is the units digit of 236?
6
What is the tens digit of 1111?
1
What is the tens digit of 4163?
6
What is the units digit of 851?
1
What is the ten thousands digit of 36849?
3
What is the units digit of 3?
3
What is the units digit of 648?
8
What is the tens digit of 31782?
8
What is the thousands digit of 7219?
7
What is the units digit of 976?
6
What is the tens digit of 710?
1
What is the units digit of 1898?
8
What is the hundreds digit of 1404?
4
What is the hundreds digit of 4081?
0
What is the thousands digit of 74050?
4
What is the hundred thousands digit of 157016?
1
What is the thousands digit of 5188?
5
What is the tens digit of 18456?
5
What is the units digit of 15979?
9
What is the tens digit of 13281?
8
What is the tens digit of 69969?
6
What is the hundreds digit of 809?
8
What is the hundreds digit of 893?
8
What is the tens digit of 713?
1
What is the thousands digit of 22531?
2
What is the units digit of 265?
5
What is the hundreds digit of 591?
5
What is the thousands digit of 1138?
1
What is the units digit of 9677?
7
What is the tens digit of 2708?
0
What is the units digit of 41292?
2
What is the units digit of 799?
9
What is the units digit of 5805?
5
What is the hundreds digit of 1018?
0
What is the thousands digit of 64019?
4
What is the thousands digit of 1031?
1
What is the ten thousands digit of 119437?
1
What is the hundreds digit of 629?
6
What is the thousands digit of 15447?
5
What is the hundreds digit of 415?
4
What is the hundreds digit of 5890?
8
What is the ten thousands digit of 79176?
7
What is the thousands digit of 1077?
1
What is the units digit of 1321?
1
What is the units digit of 1254?
4
What is the hundreds digit of 2038?
0
What is the units digit of 671?
1
What is the units digit of 529?
9
What is the thousands digit of 28194?
8
What is the tens digit of 2288?
8
What is the thousands digit of 5135?
5
What is the hundreds digit of 675?
6
What is the thousands digit of 42243?
2
What is the ten thousands digit of 16551?
1
What is the units digit of 1632?
2
What is the units digit of 3935?
5
What is the units digit of 21192?
2
What is the tens digit of 1214?
1
What is the hundreds digit of 17167?
1
What is the ten thousands digit of 13983?
1
What is the hundreds digit of 15018?
0
What is the hundreds digit of 121426?
4
What is the ten thousands digit of 29667?
2
What is the units digit of 1556?
6
What is the tens digit of 10582?
8
What is the thousands digit of 1719?
1
What is the thousands digit of 21829?
1
What is the tens digit of 11454?
5
What is the thousands digit of 1179?
1
What is the tens digit of 684?
8
What is the hundreds digit of 590?
5
What is the tens digit of 1150?
5
What is the units digit of 25092?
2
What is the units digit of 152?
2
What is the tens digit of 4085?
8
What is the hundreds digit of 1053?
0
What is the tens digit of 2061?
6
What is the tens digit of 6110?
1
What is the thousands digit of 1882?
1
What is the tens digit of 18696?
9
What is the units digit of 112?
2
What is the units digit of 2042?
2
What is the tens digit of 410?
1
What is the thousands digit of 16595?
6
What is the hundreds digit of 9081?
0
What is the units digit of 2417?
7
What is the hundreds digit of 40724?
7
What is the ten thousands digit of 16835?
1
What is the tens digit of 356?
5
What is the units digit of 21968?
8
What is the units digit of 2160?
0
What is the units digit of 10027?
7
What is the ten thousands digit of 40304?
4
What is the tens digit of 15206?
0
What is the hundreds digit of 1083?
0
What is the hundreds digit of 6756?
7
What is the thousands digit of 2192?
2
What is the hundreds digit of 69240?
2
What is the units digit of 4571?
1
What is the units digit of 3943?
3
What is the thousands digit of 2548?
2
What is the hundreds digit of 702?
7
What is the tens digit of 32224?
2
What is the thousands digit of 10913?
0
What is the units digit of 317?
7
What is the tens digit of 31?
3
What is the thousands digit of 23617?
3
What is the thousands digit of 2398?
2
What is the tens digit of 28240?
4
What is the thousands digit of 36537?
6
What is the ten thousands digit of 46797?
4
What is the units digit of 2782?
2
What is the hundreds digit of 14142?
1
What is the hundreds digit of 40737?
7
What is the hundreds digit of 1504?
5
What is the units digit of 2333?
3
What is the hundreds digit of 34861?
8
What is the units digit of 977?
7
What is the ten thousands digit of 30790?
3
What is the units digit of 11548?
8
What is the tens digit of 11964?
6
What is the ten thousands digit of 41236?
4
What is the t